
Suppose 0 = 3*a - 3*i - 3192, -10*a + 8*a - i + 2119 = 0. Let y = a + -551. List the prime factors of y.
2, 3, 5, 17
Let n = 741 - 736. Suppose -3*d - 1500 = -5*x, 2*x - 197 = n*d + 403. What are the prime factors of x?
2, 3, 5
Suppose 8*t + 9*t - 33389 = 83469. List the prime factors of t.
2, 7, 491
Suppose 2*p - 2*w = -p - 19, -4*w = -8. Let i be (-17710)/(-60) - (1 + p/6). Suppose 0*n = 5*n - i. What are the prime factors of n?
59
Let c(w) be the third derivative of 9*w**4/8 - 7*w**3 - w**2 + 38*w. What are the prime factors of c(10)?
2, 3, 19
Suppose 3*s + 45 = 135. Suppose 640 = -s*u + 34*u. List the prime factors of u.
2, 5
Let u be 0 + 821 - (-25 - -28). Suppose -u = -7*y + 1387. List the prime factors of y.
3, 5, 7
Let w = 71908 - 11938. What are the prime factors of w?
2, 3, 5, 1999
Suppose 23*h = 10*h + 8853. Let s = -199 + h. What are the prime factors of s?
2, 241
Let g = -29 + 32. Suppose -3*p = g*p - 7*p. Suppose p = -8*w + 4*w + 280. List the prime factors of w.
2, 5, 7
Suppose -222*x = -138*x - 1516032. What are the prime factors of x?
2, 3, 47
Let o(l) be the second derivative of l**4/12 - 3*l**3/2 + 31*l**2 + 4*l + 12. What are the prime factors of o(-15)?
2, 211
Suppose 13*x - 3*g + 23 = 109, -3*g - 26 = -x. List the prime factors of x.
5
Let z = -6344 - -6739. What are the prime factors of z?
5, 79
What are the prime factors of 36/504*260302 + (-1 - (-8)/2)?
2, 4649
Let t be 2726/30 + -2 - (-6)/45. Suppose t = -2*p + 239. List the prime factors of p.
3, 5
Let h(x) = x**2 - 12*x + 15. Let u be h(11). Suppose u*t = -670 + 2018. List the prime factors of t.
337
Let p = -1814 + 4173. Let j = p + -596. What are the prime factors of j?
41, 43
Let x be -3 + -1 + 11 + -2. Suppose -a - 4*a = x*f - 3485, a = 0. List the prime factors of f.
17, 41
Let t = -107 - -156. Suppose -2330 = -54*w + t*w. What are the prime factors of w?
2, 233
Suppose -5*f = -25, 4*f = 3*d - 12*d + 105608. What are the prime factors of d?
2, 7, 419
Suppose -93*y + 92*y - 878 = 0. Let v = y - -394. What are the prime factors of (v/55)/(3/(-30))?
2, 11
Suppose -4*h + 8 = -i, i = -h - 5 + 12. Suppose -s - i*s - 4*t + 744 = 0, 2*t = -3*s + 448. List the prime factors of s.
2, 19
Suppose -3*s + 382 = -2*d, -5*d = -3*s + 386 - 7. Let m = 194 - s. What are the prime factors of m?
2, 3, 11
Let w be 0/((-1 - 0)*(-1 - 1)). Suppose w = -4*q - 8, 99 = 5*m + 2*q - 4*q. What are the prime factors of m?
19
Suppose -10*q = 1133 - 6953. What are the prime factors of q?
2, 3, 97
Suppose 20*c - 15*c = 4*x + 22684, -18140 = -4*c - 4*x. List the prime factors of c.
2, 3, 7
Let u be (168553/21)/11 - 4/(-12). Suppose 2*z = -2*n + 3*n + 20, 3*n - 6 = 0. Suppose -t - u = -z*t. What are the prime factors of t?
73
Let k(w) be the first derivative of w**4/4 + 5*w**3 + 11*w**2/2 - 7*w - 105. What are the prime factors of k(-8)?
353
Let z be 32/12 - -3*2/(-9). Suppose -5*y + 20 = 0, 3*s - 6*y + z*y - 476 = 0. What are the prime factors of s?
2, 41
What are the prime factors of (-24584)/((-47)/((-3055)/(-26)))?
2, 5, 7, 439
Suppose -3*a + 2*h + 14650 = 0, 0 = 3*a - 92*h + 94*h - 14654. What are the prime factors of a?
2, 3, 11, 37
Let c(o) = -25*o**3 - 5*o**2 + 2*o + 16. Let b be c(-5). Suppose 0 = -3*u + 12*u - b. List the prime factors of u.
2, 167
Let i be 1844/14 - 20/(-70). Let h = i + -129. Suppose -2*s = -3*w + 77, -h*s - 15 = -w - 5*s. List the prime factors of w.
23
Let d(u) = -2*u**3 - 49*u**2 + 7*u - 36. Let p = -54 - -29. List the prime factors of d(p).
2, 3, 23
Let s = 33 + -10. Suppose -11*y = -6371 - 9645. Suppose 16*n + y = s*n. List the prime factors of n.
2, 13
Suppose 0 = 6*w - 7835 - 4561. Suppose -7867 = -5*l - 2*h, -3*l + 2652 = -h - w. What are the prime factors of l?
11, 13
What are the prime factors of (-2)/29 - (-67146031)/3103?
3, 7213
Let w be (-1)/((-4)/3 + 1). Suppose 2020 = -q + w*q. Suppose 27*p + q = 32*p. List the prime factors of p.
2, 101
Let j = -96 + 99. Suppose 0 = 2*w - 4*b - 844, 0*b - j*b = w - 447. List the prime factors of w.
2, 3
Let t be (-1)/(-1)*3/(-1). Let a(x) be the third derivative of -31*x**4/8 - 2*x**3 - 3056*x**2 - 1. What are the prime factors of a(t)?
3, 89
Let r(q) = q**3 + 11*q**2 + 18*q + 24. Let n be r(-9). What are the prime factors of ((-1960)/n)/((-1)/3)?
5, 7
Let d(p) = 4*p + 25. Let s(g) = 2*g + 13. Let x(q) = -2*d(q) + 5*s(q). Let k be x(-7). Let y(b) = 76*b**3 + 1. List the prime factors of y(k).
7, 11
Suppose -a = 5*u - 20735, -2*u - 2*a = -0*a - 8286. Suppose -497 + u = 3*j - 2*l, -4*j = -2*l - 4866. List the prime factors of j.
3, 5
Suppose 453*y + 16 = 461*y. Let p = 499 - y. What are the prime factors of p?
7, 71
Suppose 6*k = 33 - 21. What are the prime factors of k*24/(-32)*-120?
2, 3, 5
Suppose 2*i + 0*v = 5*v + 39, 0 = -5*i + 3*v + 50. Let r = -17 + i. List the prime factors of 2/(-5) - 604/r.
2, 3, 5
Suppose 0 = 2*i - 13*i + 77. Suppose -5*n + 81 = 4*c, 20 = -3*n + i*n. Let x(s) = s**2 + s + 10. What are the prime factors of x(c)?
2, 5, 11
Suppose -1443*b + 703*b + 860223 = -719*b. What are the prime factors of b?
13, 23, 137
Let m = -115 + 127. Let t(x) = x**2 + 2*x + 20. What are the prime factors of t(m)?
2, 47
Let j(c) = -249*c + 92. List the prime factors of j(-9).
2333
Suppose 2*q + 305 = 35. List the prime factors of 4/30 + 591*(-42)/q.
2, 23
Let b = 61696 - 34383. What are the prime factors of b?
11, 13, 191
Suppose 24*f - 4*f - 80 = 0. What are the prime factors of 399 + (f + 1 - 9)?
5, 79
Suppose 42*v = -100*v + 1565124. What are the prime factors of v?
2, 3, 11, 167
Let j(o) = -o**2 - 56*o + 423. List the prime factors of j(-38).
3, 41
Suppose -3*r = -4*p - 50 + 5, -3*r = 2*p - 27. Let a = r - 6. Suppose j = -a*y + 155, -3*j - 668 = -7*j - 4*y. List the prime factors of j.
2, 5, 17
Let t(x) = 270*x - 1025. List the prime factors of t(20).
5, 7
Let l(s) be the second derivative of -s**5/20 - 5*s**4/3 - 4*s**3/3 + 42*s**2 + 17*s - 6. List the prime factors of l(-20).
2, 61
Let r(h) = 3*h + 34. Suppose -8*w + 10*w = 30. Let x be (30 - w) + 0 + 3. What are the prime factors of r(x)?
2, 11
Let f = -51641 - -74952. What are the prime factors of f?
23311
Let u(k) = -199*k - 41. Let g be u(-3). Suppose g = a - 913. What are the prime factors of a?
13, 113
Suppose -2*m + 14 = -12. Suppose m*v - 1719 = 2038. List the prime factors of v.
17
Let h = 1700 + -908. List the prime factors of (h - (-18)/(-2)) + -3.
2, 3, 5, 13
Let k(f) = 223*f**2 - 1. Let p(w) = -74 - 2*w + w**2 + 63 - w + 4*w. Let c be p(-4). List the prime factors of k(c).
2, 3, 37
Suppose 0 = 3*l - 0*l + 351. Let v be (-7 + (7 - (-10)/(-5)))*-2. Let i = v - l. What are the prime factors of i?
11
Let q(n) = -563*n - 7324. List the prime factors of q(-85).
40531
Let u(x) = x**2 - 16*x + 1. Let t be u(14). Let h = t - -105. List the prime factors of h.
2, 3, 13
Suppose -34*m + 37*m = 5*p - 72667, 0 = -2*m + 2. List the prime factors of p.
2, 13, 43
Let p be 3/((-5)/(20/3)). Suppose 0 = -3*u - 3*x - 372, 9*u - x + 233 = 7*u. Let o = p - u. List the prime factors of o.
5, 23
Let k = -5433 - -13100. What are the prime factors of k?
11, 17, 41
Suppose -79320 = -5*x - 5*i, x - 167*i - 15834 = -163*i. What are the prime factors of x?
2, 3, 881
Let i(o) be the third derivative of o**5/30 + 7*o**4/3 + 3*o**3/2 + 5*o**2 - 148. Let t be 2/6 + 170/(-6). What are the prime factors of i(t)?
3
Let p(s) = s**3 + 54*s**2 - 1012*s + 14. What are the prime factors of p(-68)?
2, 23, 89
Let w be 2514*((-168)/18)/(-14). Let h = -1042 + w. List the prime factors of h.
2, 317
Let a = 50 + -19. Let n = a + -25. Suppose 0 = -3*t - d + 75, -2*d = -n*t + 8*t - 46. List the prime factors of t.
2, 13
Let h(t) = -3500*t**3 + 10*t**2 + 14*t - 2. What are the prime factors of h(-2)?
2, 5, 2801
Suppose n - 3*d + 294 = 3652, -5*d = -5*n + 16830. What are the prime factors of n?
2, 5, 337
Suppose 5*o - 2*l + 4018 = o, -5*o = -5*l + 5035. Let a = -2194 - o. What are the prime factors of -4*-1*1*a/(-32)?
149
Suppose -50 + 2715 = -5*p + 5*k, 2*k = -2*p - 1082. Let f = p + 556. What are the prime factors of f?
19
Suppose -c + 3*w - 170196 = -4*c, -2*w - 56720 = -c. What are the prime factors of c?
2, 7, 1013
Let o = 46474 + -25870. What are the prime factors of o?
2, 3, 17, 101
What a